 is -12 + -3 + 2 + -1 - (-1823 - -1757)?
52
Calculate 1 + -37 - (-87 + 8 - -102).
-59
What is 21 - ((38 - -39) + -60)?
4
-50 + 55 + 98 + (-16 - 2)
85
What is the value of 1 + 25 + -3690 + 3618?
-46
What is the value of -23 - -68 - 45 - (0 - 8) - -60?
68
Calculate -31 + 24 + (87 - 49).
31
11 - (8 - (34 + -85))
-48
Evaluate (-87 + -38 - -302) + -95.
82
(-1 + 0 + 2 - (-78 - -83 - -4)) + -36
-44
What is (53 - 82) + 46 + -29?
-12
Evaluate (22 + 38 - 40) + 9 - -25.
54
Evaluate (-1 - 9) + (24 - (-6 - -2) - (5 - -8)).
5
-139 - -206 - 212 - (-1 - 9)
-135
Calculate -2 - (1 - -2) - (42 - (5 + 30)).
-12
What is the value of (-57 - -34) + -16 + (11 - -105)?
77
31 + (5 - (27 + 2 + 0)) - (79 + -2)
-70
Evaluate 70 + (21 - (4 + -9)).
96
Calculate ((0 - -1) + -2 - (-9 - -13)) + 710 + -610.
95
What is (-18 - -3) + -4 + 5 + 4 - (-1802 - -1756)?
36
What is (-20 - -5) + (-9 + 1 - 18)?
-41
Calculate 3 + (-6 - 1) + (18 - (-4 + -19)).
37
What is the value of -49 - (-17 + -157 + 66)?
59
-4 - (8 - (-5 - 1 - -5)) - (2 + -65)
50
Evaluate 17 - (-60 + (-31 - -95)).
13
What is the value of -356 + 453 + -106 + (-2 + -74 - -1 - 2)?
-86
60 + -16 + -33 + 5
16
Calculate (3 + -1 + 8 - 4) + -26 + -49 + 68.
-1
Calculate 1014 - 1042 - (-104 + 1).
75
Evaluate 2 + (-13 - (-19 + 13 + -5)) + -31.
-31
(-19 - 9) + 16 + (-96 - -32)
-76
What is (6 - 5) + 5 + (-46 - (5 + 34))?
-79
Evaluate 10 + (19 - (-35 - -71) - (1 - 5)).
-3
What is -31 - (-52 + (-6 - 4))?
31
-6 - (-61 + (74 - 66) + 2 + -4 + -3)
52
What is (-10 - 0 - 21) + (-5 - (9 - 13))?
-32
Calculate -3 + -6 + (-5 - (5 - 28) - 8) + 75.
76
-53 - (-12 + 42 + -64)
-19
What is the value of (-2423 - -2418) + (-1 - -93 - ((0 - -4) + -4))?
87
-39 - (3752 + -3750 - (-1 + 1 - (1 + -3)))
-39
Calculate -69 + 253 + 3 + -41.
146
What is the value of (1 - 65) + (-15 - (-23 - -17 - 8 - 3))?
-62
Calculate 38 + 18 + -8 + (1 + -10 - (-7 + -1)).
47
What is the value of -59 + (-5 - 1) - (48 + -53 + 2 + -1)?
-61
What is 119 - (61 - 39) - (-52 + 14)?
135
What is 69 - (-7 + -11 + 0 + (-10 - (9 + -28)))?
78
Evaluate (-185 - -121 - -116) + 92.
144
What is the value of 6 - (2 - (20 + -39))?
-15
Evaluate 39 + (24 - (189 - 41 - 26)).
-59
Calculate -2 + 0 - -83 - (42195 + -42170).
56
What is 20 + (-1 - 11 - 0) - (7 - (-3 - -8))?
6
Evaluate 12 - (72 - (-13 - ((7 - -3) + (-19 - -3)))).
-67
Calculate ((7 - -1) + -2 - (11 - 27)) + (0 - 11).
11
What is the value of (38 - -29) + -80 + 70?
57
(9 - (12 - 5 - 29)) + -18
13
-7 + (136 - (140 - 1))
-10
Calculate 1064 - 1074 - (2 - -23).
-35
Evaluate 12 + (16 + -3 - 18 - (3 - -9)) - -22.
17
Evaluate -39 + (6 + 29 - 29).
-33
-81 - (136 + -94) - -74
-49
(27 - 43) + 6 + -9 - (13 - -95)
-127
(21 - (3 + 4)) + 241 + -222 + (4 - 0)
37
What is (-6 - -4) + (0 + -8 - -43) + 1 + -3?
31
What is 100 + -230 + 124 - (-2 + 3 + -37)?
30
Evaluate 45 + 4 + (3 - 0 - (-58 - -64)).
46
Calculate (5 - 5 - (-47 + -1 + -3)) + 121 + -107.
65
18 - ((2 - 3) + (-71 - -60))
30
707 + -641 - (-1 + 17)
50
Calculate -87 - -1 - (-6991 - -6982).
-77
What is the value of (-3 - -44 - 20) + -63 + -9?
-51
16 + 57 + -13 + (-1 - (-7 - 7))
73
What is -5014 - -5012 - (-1 + (1 - 112) + -14 + 17)?
107
What is (16 - (-22 + 4)) + -4 + (-9 - 5)?
16
Evaluate 22 + 1 + 8 + -31 + (-34 - -107).
73
Evaluate 2 + -1 + 10 + (-34 - -20) - (10 + -1).
-12
What is the value of 88 + -70 + (-2 - (20 - -1))?
-5
-293 + 287 + 49 + -1 + 1 + (0 - -7)
50
What is (15 + -1 - (-40 + 39 + -12)) + 1 + 13?
41
What is the value of -41 + 39 + -13 + 44?
29
(56 + -7 - 165) + 205
89
Evaluate (0 - (-1 - 0) - -3 - (-30 + 24)) + -9.
1
What is the value of -96 + 61 + -30 - 0?
-65
Evaluate 80 - (3 - (-43 + -9)).
25
Calculate -10 + (5 - -18) + (35 - 3).
45
What is (212 - 5) + -885 + 795?
117
Evaluate -16 + -11 + (-20 - -54) - (-100 + -2).
109
Evaluate 1 - (0 - (5 + -15 + 0 + 0 - -4)).
-5
What is the value of (4 - 2) + -21 + 16 + -4 + 25?
18
What is 5806 - 5790 - (52 - 1)?
-35
Evaluate (-3 - 44) + (11 - -12) - 12.
-36
Evaluate (-11 - 4) + -41 - (15 - 36).
-35
What is -19 + 3 + 16 + -22 + 66?
44
What is the value of -73 + (109 - 56 - -8)?
-12
22 - (12 + -13) - (-2 + 1 + (-3 - -11))
16
Evaluate -6 + 23 + 39 + -29.
27
Calculate -57 - (20 + (-67 - -26)) - 32.
-68
Calculate 9 + 0 - (36 + 111 + -118).
-20
Evaluate (5 - (-27 + 7)) + (41 - 10).
56
Calculate 66 - (-12 - ((-11 + -7 - (8 + 0)) + 3)).
55
Evaluate (-5 - -16) + (47 - 5 - 30).
23
Evaluate 31 + (6 + 16 - 29 - -13).
37
Evaluate -77 - -14 - (57 + -63 + (-7 - 1)).
-49
What is 7 + (-16 - (-9 - -6)) - -34?
28
Evaluate -9 + ((2 - (7 - 10)) + -4 - -13).
5
-469 + 460 - (-23 - -4 - -3)
7
What is the value of -36 - ((5 - (1 - -9)) + -9)?
-22
Evaluate -30 + -23 + 2 + 15 - -20.
-16
What is 125 + -139 + (25 + -3 - -2)?
10
What is 723 - 708 - (-52 - 0)?
67
What is 67 - (59 + -61) - -31?
100
17 - ((-9 - (6 - (-14 + 21))) + 14)
11
Calculate (-11 + 29 - -34) + 12 + (-3 - -9).
70
Calculate -2 + -8 + 71 + (6 - -6) + -25.
48
Calculate -132 + (15 - (-3 - (-37 + 47))).
-104
Evaluate 1 - (64 - 31) - -12.
-20
48 + -1 + 8 - (-25 - (8 - 39))
49
Calculate -11 - (-9 - -24 - 34 - -19 - (0 - 69)).
-80
(7 - 11) + 85 - -2 - 6 - (77 - 83)
83
1 - (-4 + 9 + -15) - (186 - 96)
-79
Calculate -172 + (38 - 178) + 178.
-134
Evaluate 57 - -2 - (-28 + 19 - (-6 + -13)).
49
16 - ((-9 - -11) + 38 - 17)
-7
What is (-14 + 1 - -54 - 1 - 10) + -3 + -6?
21
What is the value of (18 + -19 + -2 - -12) + -13?
-4
Calculate (152 - 125) + -101 + -1.
-75
Evaluate -22 - (-16 + 12 + -17) - 26.
-27
Calculate 12 - (-2 - (-106 - (-16 + 11 + 4))) - 9.
-100
What is 1 + (80 - ((-8 - (-7 + 4)) + 4) - -12)?
94
Calculate -21 + (15 - (25 + (-22 - -21))).
-30
Evaluate (-2 - (0 - 29)) + (0 - 1) - (-23335 - -23339).
22
What is the value of -100 - (-4 + 31 + -12 + (-5 - 3)) - -12?
-95
Calculate (0 - -6) + (-91 - (-170 + 77)) - -106.
114
What is the value of 69 - (0 - 0) - (-54 + -7 + (-10 - -83))?
57
What is (-65 - -56) + (12 - 4) - (-12 - (0 + -3))?
8
Calculate -21 - (-73 - -40) - 0 - (1 - 19).
30
-11 + -20 + -1 + (-132 - -166) - (-38 - -2)
38
What is the value of (9 - 12) + (2 - 4) - (-2 - -1 - 119)?
115
What is the value of 63 + 71 + -130 - (-1 - -5)?
0
Calculate -4 + (-21 - (-19 + -31)) - -23.
48
Calculate 9 + -70 + -18 + 70.
-9
What is the value of -15 - -11 - -14 - ((-7 - -1) + 12)?
4
What is (-19 - 2) + (-209 - -187)?
-43
What is the value of (-3 + 7 - -27) + (234 - 254)?
11
Calculate -3 - (173 + (87 - 245)).
-18
What is -85 + 98 + 2 + 20 - 13?
22
Evaluate -58 - (79 + -149) - (129 + (1 - 0)).
-118
What is -19 - 6 - (-67 - (-87 + 38))?
-7
-48 + 16 + 14 + 58 + -2 + -9
29
6 + -53 + (143 - 114)
-18
Evaluate -13 + (40 + 3 - (-6 + 6)) - -5.
35
What is the value of -2 + 0 + 8 - (-564 + 335 - -275)?
-40
Evaluate -18 - (0 - 0) - ((-194 - -289) + -115 + 7).
-5
Calculate (68 - 76 - (12 + -2)) + 12 - 17.
-23
Calculate -3 - (-13 - (2 + -8)) - (5 + (-11 - -111)).
-101
What is the value of 13 - (82 + -72 + (-9 - -4))?
8
What is -1 + 4 - (121 + -139 + 39)?
-18
What is -5 + -114 - (-16 + (-18 - -2) + 46 + -6)?
-127
What is the value of -84 - ((41 + -83 - -85) + -8)?
-119
Evaluate 237 + -131 - (78 - 5).
33
What is -239 + 181 - (-4 + -5 - -4)?
-53
Calculate 51 + 16 - -14 - 27.
54
What is the value of 7 + 47 + (-15 - -7) - (9 + -7 - -5)?
39
Calculate 11 + 9 + (57 - 30).
47
121 - ((-26 - -24) + 12 - -14)
97
What is (145 - (71 - -16)) + -12 + 1?
47
What is the value of -112 - (-7 + -11 + 8 - (-26 - (-11 - 3)))?
-114
What is the value of 127 + (-46 + 9 + 23 - 21)?
92
-10 + 8 - 10 - (4 + 7 + -38) - -8
23
What is 118 + -62 + (-13 - 0) + -25?
18
What is the value of -583 - -565 - (-3 + (0 - -4) + -72)?
53
What is (-11 - (-12 - (11 - 29))) + -17 + 7?
-27
What is the value of 38 - ((-3 - -15) + 32) - 123?
-129
Evaluate -110 + 82 + (4 - (2 + 14) - 0).
-40
Calculate -1 + (17 - 7 - 1) + -8 + -4.
-4
What is the value of (-25 + 142 - 42) + -122?
-47
(-218 - (-90 - 2)) + 128
2
Evaluate 20 + 154 + 10 + -103.
81
Calculate (-1 - -36) + -178 + 70 + 132.
59
(0 - -120 - ((-36 - -57) + -14)) + -4
109
What is the value of 1 + -2 - (23 - -19) - 8?
-51
-76 - -63 - (4 + (-8 - -37))
-46
Calculate -12 + (35 + -13 + 46 - 6).
50
Calculate (455 - 464) + -3 + 0 - -90.
78
36 - (-7 + -15 - (-48 + 10)) - 8
12
38 + (19 + 13 - 23 - 18)
29
Evaluate (-4 + 3 - 27) + (-2 + 11 - (-67 - 